{"id":1058,"date":"2017-09-02T10:04:00","date_gmt":"2017-09-02T10:04:00","guid":{"rendered":"http:\/\/www.ndh.ufms.br\/wp-content\/uploads\/2017\/09\/MAPA_OFAIE_04.jpg"},"modified":"2017-09-02T10:09:48","modified_gmt":"2017-09-02T10:09:48","slug":"territorio-ofaie-slides-008","status":"inherit","type":"attachment","link":"https:\/\/ndh-cptl.ufms.br\/?attachment_id=1058","title":{"rendered":"MAPA_OFAIE_04"},"author":1,"featured_media":0,"comment_status":"open","ping_status":"open","template":"","meta":[],"class_list":["post-1058","attachment","type-attachment","status-inherit","hentry"],"description":{"rendered":"<p class=\"attachment\"><a href='https:\/\/ndh-cptl.ufms.br\/wp-content\/uploads\/2017\/09\/MAPA_OFAIE_04.jpg'><img loading=\"lazy\" decoding=\"async\" width=\"300\" height=\"225\" src=\"https:\/\/ndh-cptl.ufms.br\/wp-content\/uploads\/2017\/09\/MAPA_OFAIE_04-300x225.jpg\" class=\"attachment-medium size-medium\" alt=\"\" srcset=\"https:\/\/ndh-cptl.ufms.br\/wp-content\/uploads\/2017\/09\/MAPA_OFAIE_04-300x225.jpg 300w, https:\/\/ndh-cptl.ufms.br\/wp-content\/uploads\/2017\/09\/MAPA_OFAIE_04.jpg 640w\" sizes=\"auto, (max-width: 300px) 100vw, 300px\" \/><\/a><\/p>\n"},"caption":{"rendered":"<p>Aroeira dos Ofai\u00e9. Fonte: FACHOLLI &#038; DOERZBACHER, 1991. In Dutra, Carlos Alberto dos Santos. O territ\u00f3rio Ofai\u00e9 pelos caminhos da hist\u00f3ria. Reencontro e trajet\u00f3ria de um povo. Dourados-MS: UFMS, Campus de Dourados, 2004 (Disserta\u00e7\u00e3o de Mestrado), p. 185. <a href=\"https:\/\/ndh-cptl.ufms.br\/?attachment_id=1058\">Continue lendo <span class=\"meta-nav\">&rarr;<\/span><\/a><\/p>\n"},"alt_text":"","media_type":"image","mime_type":"image\/jpeg","media_details":{"width":640,"height":480,"file":"2017\/09\/MAPA_OFAIE_04.jpg","sizes":{"thumbnail":{"file":"MAPA_OFAIE_04-150x150.jpg","width":150,"height":150,"mime_type":"image\/jpeg","source_url":"https:\/\/ndh-cptl.ufms.br\/wp-content\/uploads\/2017\/09\/MAPA_OFAIE_04-150x150.jpg"},"medium":{"file":"MAPA_OFAIE_04-300x225.jpg","width":300,"height":225,"mime_type":"image\/jpeg","source_url":"https:\/\/ndh-cptl.ufms.br\/wp-content\/uploads\/2017\/09\/MAPA_OFAIE_04-300x225.jpg"},"post-thumbnail":{"file":"MAPA_OFAIE_04-120x80.jpg","width":120,"height":80,"mime_type":"image\/jpeg","source_url":"https:\/\/ndh-cptl.ufms.br\/wp-content\/uploads\/2017\/09\/MAPA_OFAIE_04-120x80.jpg"},"academica-featured-thumb":{"file":"MAPA_OFAIE_04-640x300.jpg","width":640,"height":300,"mime_type":"image\/jpeg","source_url":"https:\/\/ndh-cptl.ufms.br\/wp-content\/uploads\/2017\/09\/MAPA_OFAIE_04-640x300.jpg"},"academica-gallery":{"file":"MAPA_OFAIE_04-300x225.jpg","width":300,"height":225,"mime_type":"image\/jpeg","source_url":"https:\/\/ndh-cptl.ufms.br\/wp-content\/uploads\/2017\/09\/MAPA_OFAIE_04-300x225.jpg"},"full":{"file":"MAPA_OFAIE_04.jpg","width":640,"height":480,"mime_type":"image\/jpeg","source_url":"https:\/\/ndh-cptl.ufms.br\/wp-content\/uploads\/2017\/09\/MAPA_OFAIE_04.jpg"}},"image_meta":{"aperture":0,"credit":"?","camera":"","caption":"","created_timestamp":0,"copyright":"","focal_length":0,"iso":0,"shutter_speed":0,"title":"territorio-ofaie (slides) 008","orientation":0}},"post":null,"source_url":"https:\/\/ndh-cptl.ufms.br\/wp-content\/uploads\/2017\/09\/MAPA_OFAIE_04.jpg","_links":{"self":[{"href":"https:\/\/ndh-cptl.ufms.br\/index.php?rest_route=\/wp\/v2\/media\/1058","targetHints":{"allow":["GET"]}}],"collection":[{"href":"https:\/\/ndh-cptl.ufms.br\/index.php?rest_route=\/wp\/v2\/media"}],"about":[{"href":"https:\/\/ndh-cptl.ufms.br\/index.php?rest_route=\/wp\/v2\/types\/attachment"}],"author":[{"embeddable":true,"href":"https:\/\/ndh-cptl.ufms.br\/index.php?rest_route=\/wp\/v2\/users\/1"}],"replies":[{"embeddable":true,"href":"https:\/\/ndh-cptl.ufms.br\/index.php?rest_route=%2Fwp%2Fv2%2Fcomments&post=1058"}]}}

<p>Aroeira dos Ofaié. Fonte: FACHOLLI &#038; DOERZBACHER, 1991. In Dutra, Carlos Alberto dos Santos. O território Ofaié pelos caminhos da história. Reencontro e trajetória de um povo. Dourados-MS: UFMS, Campus de Dourados, 2004 (Dissertação de Mestrado), p. 185. <a href="https://ndh-cptl.ufms.br/?attachment_id=1058">Continue lendo <span class="meta-nav">&rarr;</span></a></p>
