{"id":1060,"date":"2017-09-02T10:04:04","date_gmt":"2017-09-02T10:04:04","guid":{"rendered":"http:\/\/www.ndh.ufms.br\/wp-content\/uploads\/2017\/09\/MAPA_OFAIE_06.jpg"},"modified":"2025-10-14T10:04:18","modified_gmt":"2025-10-14T14:04:18","slug":"mapa_ofaie_06","status":"inherit","type":"attachment","link":"https:\/\/ndh-cptl.ufms.br\/?attachment_id=1060","title":{"rendered":"MAPA_OFAIE_06"},"author":1,"featured_media":0,"comment_status":"open","ping_status":"open","template":"","meta":[],"class_list":["post-1060","attachment","type-attachment","status-inherit","hentry"],"description":{"rendered":"<p class=\"attachment\"><a href='https:\/\/ndh-cptl.ufms.br\/wp-content\/uploads\/2017\/09\/MAPA_OFAIE_06.jpg'><img loading=\"lazy\" decoding=\"async\" width=\"300\" height=\"237\" src=\"https:\/\/ndh-cptl.ufms.br\/wp-content\/uploads\/2017\/09\/MAPA_OFAIE_06-300x237.jpg\" class=\"attachment-medium size-medium\" alt=\"\" srcset=\"https:\/\/ndh-cptl.ufms.br\/wp-content\/uploads\/2017\/09\/MAPA_OFAIE_06-300x237.jpg 300w, https:\/\/ndh-cptl.ufms.br\/wp-content\/uploads\/2017\/09\/MAPA_OFAIE_06.jpg 640w\" sizes=\"auto, (max-width: 300px) 100vw, 300px\" \/><\/a><\/p>\n"},"caption":{"rendered":"<p>Aldeamentos Ofai\u00e9 no vale do Ivinhema. Fonte: DUTRA, Carlos Alberto dos Santos. O territ\u00f3rio territ\u00f3rio Ofai\u00e9 pelos caminhos da hist\u00f3ria. (no prelo, 2011). <a href=\"https:\/\/ndh-cptl.ufms.br\/?attachment_id=1060\">Continue lendo <span class=\"meta-nav\">&rarr;<\/span><\/a><\/p>\n"},"alt_text":"","media_type":"image","mime_type":"image\/jpeg","media_details":{"width":640,"height":507,"file":"2017\/09\/MAPA_OFAIE_06.jpg","sizes":{"thumbnail":{"file":"MAPA_OFAIE_06-150x150.jpg","width":150,"height":150,"mime_type":"image\/jpeg","source_url":"https:\/\/ndh-cptl.ufms.br\/wp-content\/uploads\/2017\/09\/MAPA_OFAIE_06-150x150.jpg"},"medium":{"file":"MAPA_OFAIE_06-300x237.jpg","width":300,"height":237,"mime_type":"image\/jpeg","source_url":"https:\/\/ndh-cptl.ufms.br\/wp-content\/uploads\/2017\/09\/MAPA_OFAIE_06-300x237.jpg"},"post-thumbnail":{"file":"MAPA_OFAIE_06-120x80.jpg","width":120,"height":80,"mime_type":"image\/jpeg","source_url":"https:\/\/ndh-cptl.ufms.br\/wp-content\/uploads\/2017\/09\/MAPA_OFAIE_06-120x80.jpg"},"academica-featured-thumb":{"file":"MAPA_OFAIE_06-640x300.jpg","width":640,"height":300,"mime_type":"image\/jpeg","source_url":"https:\/\/ndh-cptl.ufms.br\/wp-content\/uploads\/2017\/09\/MAPA_OFAIE_06-640x300.jpg"},"academica-gallery":{"file":"MAPA_OFAIE_06-300x225.jpg","width":300,"height":225,"mime_type":"image\/jpeg","source_url":"https:\/\/ndh-cptl.ufms.br\/wp-content\/uploads\/2017\/09\/MAPA_OFAIE_06-300x225.jpg"},"full":{"file":"MAPA_OFAIE_06.jpg","width":640,"height":507,"mime_type":"image\/jpeg","source_url":"https:\/\/ndh-cptl.ufms.br\/wp-content\/uploads\/2017\/09\/MAPA_OFAIE_06.jpg"}},"image_meta":{"aperture":0,"credit":"","camera":"","caption":"","created_timestamp":0,"copyright":"","focal_length":0,"iso":0,"shutter_speed":0,"title":"","orientation":0}},"post":null,"source_url":"https:\/\/ndh-cptl.ufms.br\/wp-content\/uploads\/2017\/09\/MAPA_OFAIE_06.jpg","_links":{"self":[{"href":"https:\/\/ndh-cptl.ufms.br\/index.php?rest_route=\/wp\/v2\/media\/1060","targetHints":{"allow":["GET"]}}],"collection":[{"href":"https:\/\/ndh-cptl.ufms.br\/index.php?rest_route=\/wp\/v2\/media"}],"about":[{"href":"https:\/\/ndh-cptl.ufms.br\/index.php?rest_route=\/wp\/v2\/types\/attachment"}],"author":[{"embeddable":true,"href":"https:\/\/ndh-cptl.ufms.br\/index.php?rest_route=\/wp\/v2\/users\/1"}],"replies":[{"embeddable":true,"href":"https:\/\/ndh-cptl.ufms.br\/index.php?rest_route=%2Fwp%2Fv2%2Fcomments&post=1060"}]}}

<p>Aldeamentos Ofaié no vale do Ivinhema. Fonte: DUTRA, Carlos Alberto dos Santos. O território território Ofaié pelos caminhos da história. (no prelo, 2011). <a href="https://ndh-cptl.ufms.br/?attachment_id=1060">Continue lendo <span class="meta-nav">&rarr;</span></a></p>
