{"id":23,"date":"2014-06-20T11:26:53","date_gmt":"2014-06-20T11:26:53","guid":{"rendered":"http:\/\/www.ndh.ufms.br\/?page_id=23"},"modified":"2023-11-09T15:27:07","modified_gmt":"2023-11-09T19:27:07","slug":"digitalizados","status":"publish","type":"page","link":"https:\/\/ndh-cptl.ufms.br\/?page_id=23","title":{"rendered":"Digitalizados"},"content":{"rendered":"<p style=\"text-align: center;\"><span style=\"color: #000000;\"><strong><span style=\"color: #0000ff;\">ARQUIVO FOTOGR\u00c1FICO &#8211; S\u00c9RIE TRABALHOS NDH<\/span><\/strong><\/span><\/p>\n<p><a href=\"https:\/\/drive.google.com\/file\/d\/1m-UEEI6Y9ewvYV7lGE0HdbaAZW8gjqkP\/view?usp=sharing\">Subs\u00e9rie \u2013 IAJES<\/a><\/p>\n<p>Tipo: Digital (PDF)<\/p>\n<p>Quantidade: 22 imagens<\/p>\n<p>Per\u00edodo: 14\/01\/2006<\/p>\n<p>\u00a0<\/p>\n<p style=\"text-align: center;\"><span style=\"color: #000000;\"><strong><span style=\"color: #0000ff;\">TR\u00caS LAGOAS S\u00c9CULO XX &#8211; FOT\u00d3GRAFO FARES ZAGUIR<\/span><\/strong><\/span><\/p>\n<p>Fares Zaguir nasceu em 1920 e faleceu em 2005, aos 84 anos. Aprendeu o of\u00edcio de fot\u00f3grafo em Tr\u00eas Lagoas, onde, em 1939, instalou o Photo Zaguir. Registrou em imagens o desenvolvimento da cidade em quase todo o s\u00e9culo XX.<\/p>\n<p><a href=\"https:\/\/drive.google.com\/drive\/folders\/1kY0neWv3PdBevRrt8B4P6-HNiOSQcj3O?usp=drive_link\" target=\"_blank\" rel=\"noopener\">Clique aqui para ver o \u00e1lbum<\/a><\/p>\n\n\n<figure class=\"wp-block-gallery has-nested-images columns-default is-cropped wp-block-gallery-1 is-layout-flex wp-block-gallery-is-layout-flex\">\n<figure class=\"wp-block-image size-large\"><a href=\"https:\/\/ndh-cptl.ufms.br\/wp-content\/uploads\/2014\/06\/img37.jpg\"><img decoding=\"async\" data-id=\"70\" src=\"https:\/\/ndh-cptl.ufms.br\/wp-content\/uploads\/2014\/06\/img37.jpg\" alt=\"\" class=\"wp-image-70\"\/><\/a><\/figure>\n\n\n\n<figure class=\"wp-block-image size-large\"><a href=\"https:\/\/ndh-cptl.ufms.br\/wp-content\/uploads\/2014\/06\/img28.jpg\"><img decoding=\"async\" data-id=\"61\" src=\"https:\/\/ndh-cptl.ufms.br\/wp-content\/uploads\/2014\/06\/img28-1024x788.jpg\" alt=\"\" class=\"wp-image-61\"\/><\/a><\/figure>\n\n\n\n<figure class=\"wp-block-image size-large\"><a href=\"https:\/\/ndh-cptl.ufms.br\/wp-content\/uploads\/2014\/06\/img12.jpg\"><img decoding=\"async\" data-id=\"45\" src=\"https:\/\/ndh-cptl.ufms.br\/wp-content\/uploads\/2014\/06\/img12-1024x804.jpg\" alt=\"\" class=\"wp-image-45\"\/><\/a><\/figure>\n<\/figure>\n\n\n\n<p><\/p>\n\n\n\n<p><\/p>\n\n\n\n<p class=\"has-text-align-center\"><strong><mark style=\"background-color:rgba(0, 0, 0, 0)\" class=\"has-inline-color has-blue-color\">ESTRADA DE FERRO NOROESTE DO BRASIL (NOB)<\/mark><\/strong><\/p>\n\n\n\n<p class=\"has-text-align-center\"><strong><mark style=\"background-color:rgba(0, 0, 0, 0)\" class=\"has-inline-color has-blue-color\">ACERVO &#8211; WALTO BATISTA DIAS<\/mark><\/strong><\/p>\n\n\n\n<p>Nascido em 1932, Walto Batista Dias entrou na NOB com 21 anos, em 24 de agosto de 1954, em Campo Grande na turma de empedramento da 3\u00aa divis\u00e3o, servi\u00e7o de remodela\u00e7\u00e3o de linha. De 1959 a 1962 trabalhou em esta\u00e7\u00f5es do Pantanal. Cursou portugu\u00eas por correspond\u00eancia para aprender a redigir telegramas. Passou a conferente ap\u00f3s estudar e se aperfei\u00e7oar. Quando se aposentou, ap\u00f3s 32 anos de trabalho, estava na fun\u00e7\u00e3o de chefe de esta\u00e7\u00e3o.<\/p>\n\n\n\n<p>As fotos foram digitalizadas na resid\u00eancia de Walto em Campo Grande.<\/p>\n\n\n\n<p><a href=\"https:\/\/drive.google.com\/file\/d\/10PKjvJpsxuGAzJ-tXeeT1FDPYS22Dp7Z\/view?usp=sharing\" data-type=\"URL\" data-id=\"https:\/\/drive.google.com\/file\/d\/10PKjvJpsxuGAzJ-tXeeT1FDPYS22Dp7Z\/view?usp=sharing\" target=\"_blank\" rel=\"noreferrer noopener\">Clique aqui para ver o conte\u00fado das imagens<\/a>: mem\u00f3ria do tempo de ferrovi\u00e1rio.<\/p>\n\n\n\n<p><\/p>\n","protected":false},"excerpt":{"rendered":"<p>ARQUIVO FOTOGR\u00c1FICO &#8211; S\u00c9RIE TRABALHOS NDH Subs\u00e9rie \u2013 IAJES Tipo: Digital (PDF) Quantidade: 22 imagens Per\u00edodo: 14\/01\/2006 \u00a0 TR\u00caS LAGOAS S\u00c9CULO XX &#8211; FOT\u00d3GRAFO FARES ZAGUIR Fares Zaguir nasceu em 1920 e faleceu em 2005, aos 84 anos. Aprendeu o &hellip; <a href=\"https:\/\/ndh-cptl.ufms.br\/?page_id=23\">Continue lendo <span class=\"meta-nav\">&rarr;<\/span><\/a><\/p>\n","protected":false},"author":1,"featured_media":0,"parent":0,"menu_order":8,"comment_status":"closed","ping_status":"open","template":"","meta":{"footnotes":""},"class_list":["post-23","page","type-page","status-publish","hentry"],"_links":{"self":[{"href":"https:\/\/ndh-cptl.ufms.br\/index.php?rest_route=\/wp\/v2\/pages\/23","targetHints":{"allow":["GET"]}}],"collection":[{"href":"https:\/\/ndh-cptl.ufms.br\/index.php?rest_route=\/wp\/v2\/pages"}],"about":[{"href":"https:\/\/ndh-cptl.ufms.br\/index.php?rest_route=\/wp\/v2\/types\/page"}],"author":[{"embeddable":true,"href":"https:\/\/ndh-cptl.ufms.br\/index.php?rest_route=\/wp\/v2\/users\/1"}],"replies":[{"embeddable":true,"href":"https:\/\/ndh-cptl.ufms.br\/index.php?rest_route=%2Fwp%2Fv2%2Fcomments&post=23"}],"version-history":[{"count":17,"href":"https:\/\/ndh-cptl.ufms.br\/index.php?rest_route=\/wp\/v2\/pages\/23\/revisions"}],"predecessor-version":[{"id":1348,"href":"https:\/\/ndh-cptl.ufms.br\/index.php?rest_route=\/wp\/v2\/pages\/23\/revisions\/1348"}],"wp:attachment":[{"href":"https:\/\/ndh-cptl.ufms.br\/index.php?rest_route=%2Fwp%2Fv2%2Fmedia&parent=23"}],"curies":[{"name":"wp","href":"https:\/\/api.w.org\/{rel}","templated":true}]}}

<p style="text-align: center;"><span style="color: #000000;"><strong><span style="color: #0000ff;">ARQUIVO FOTOGRÁFICO &#8211; SÉRIE TRABALHOS NDH</span></strong></span></p>
<p><a href="https://drive.google.com/file/d/1m-UEEI6Y9ewvYV7lGE0HdbaAZW8gjqkP/view?usp=sharing">Subsérie – IAJES</a></p>
<p>Tipo: Digital (PDF)</p>
<p>Quantidade: 22 imagens</p>
<p>Período: 14/01/2006</p>
<p> </p>
<p style="text-align: center;"><span style="color: #000000;"><strong><span style="color: #0000ff;">TRÊS LAGOAS SÉCULO XX &#8211; FOTÓGRAFO FARES ZAGUIR</span></strong></span></p>
<p>Fares Zaguir nasceu em 1920 e faleceu em 2005, aos 84 anos. Aprendeu o ofício de fotógrafo em Três Lagoas, onde, em 1939, instalou o Photo Zaguir. Registrou em imagens o desenvolvimento da cidade em quase todo o século XX.</p>
<p><a href="https://drive.google.com/drive/folders/1kY0neWv3PdBevRrt8B4P6-HNiOSQcj3O?usp=drive_link" target="_blank" rel="noopener">Clique aqui para ver o álbum</a></p>


<figure class="wp-block-gallery has-nested-images columns-default is-cropped wp-block-gallery-1 is-layout-flex wp-block-gallery-is-layout-flex">
<figure class="wp-block-image size-large"><a href="https://ndh-cptl.ufms.br/wp-content/uploads/2014/06/img37.jpg"><img decoding="async" data-id="70" src="https://ndh-cptl.ufms.br/wp-content/uploads/2014/06/img37.jpg" alt="" class="wp-image-70"/></a></figure>



<figure class="wp-block-image size-large"><a href="https://ndh-cptl.ufms.br/wp-content/uploads/2014/06/img28.jpg"><img decoding="async" data-id="61" src="https://ndh-cptl.ufms.br/wp-content/uploads/2014/06/img28-1024x788.jpg" alt="" class="wp-image-61"/></a></figure>



<figure class="wp-block-image size-large"><a href="https://ndh-cptl.ufms.br/wp-content/uploads/2014/06/img12.jpg"><img decoding="async" data-id="45" src="https://ndh-cptl.ufms.br/wp-content/uploads/2014/06/img12-1024x804.jpg" alt="" class="wp-image-45"/></a></figure>
</figure>



<p></p>



<p></p>



<p class="has-text-align-center"><strong><mark style="background-color:rgba(0, 0, 0, 0)" class="has-inline-color has-blue-color">ESTRADA DE FERRO NOROESTE DO BRASIL (NOB)</mark></strong></p>



<p class="has-text-align-center"><strong><mark style="background-color:rgba(0, 0, 0, 0)" class="has-inline-color has-blue-color">ACERVO &#8211; WALTO BATISTA DIAS</mark></strong></p>



<p>Nascido em 1932, Walto Batista Dias entrou na NOB com 21 anos, em 24 de agosto de 1954, em Campo Grande na turma de empedramento da 3ª divisão, serviço de remodelação de linha. De 1959 a 1962 trabalhou em estações do Pantanal. Cursou português por correspondência para aprender a redigir telegramas. Passou a conferente após estudar e se aperfeiçoar. Quando se aposentou, após 32 anos de trabalho, estava na função de chefe de estação.</p>



<p>As fotos foram digitalizadas na residência de Walto em Campo Grande.</p>



<p><a href="https://drive.google.com/file/d/10PKjvJpsxuGAzJ-tXeeT1FDPYS22Dp7Z/view?usp=sharing" data-type="URL" data-id="https://drive.google.com/file/d/10PKjvJpsxuGAzJ-tXeeT1FDPYS22Dp7Z/view?usp=sharing" target="_blank" rel="noreferrer noopener">Clique aqui para ver o conteúdo das imagens</a>: memória do tempo de ferroviário.</p>



<p></p>

<p>ARQUIVO FOTOGRÁFICO &#8211; SÉRIE TRABALHOS NDH Subsérie – IAJES Tipo: Digital (PDF) Quantidade: 22 imagens Período: 14/01/2006   TRÊS LAGOAS SÉCULO XX &#8211; FOTÓGRAFO FARES ZAGUIR Fares Zaguir nasceu em 1920 e faleceu em 2005, aos 84 anos. Aprendeu o &hellip; <a href="https://ndh-cptl.ufms.br/?page_id=23">Continue lendo <span class="meta-nav">&rarr;</span></a></p>
